rmine j(-80).
226
Let d(s) = -1316*s**2 + 32899*s + 21. Calculate d(25).
-4
Let l(s) = -47*s**2 - 2584*s - 370. Calculate l(-55).
-425
Let o(r) = -6*r**2 - 2078*r + 8401. What is o(4)?
-7
Let j(k) = 109*k**2 + 6216*k + 89. Calculate j(-57).
-82
Let t(l) = 4*l**2 - 170*l + 1864. Determine t(18).
100
Let m(k) = -10*k**3 + 110*k + 214. Give m(-2).
74
Let u(a) = 29*a**3 - 2451*a**2 - 1246*a + 4754. Give u(85).
-6
Let z(o) = o**3 - 13*o**2 - 4221*o + 46654. Calculate z(11).
-19
Let w(y) = -12*y**2 + 855*y + 53448. What is w(-40)?
48
Let a(y) = -y**2 - 1894*y - 35. Give a(0).
-35
Let b(w) = 120*w**2 - 25*w + 44. Calculate b(4).
1864
Let t(o) = o**3 - 42*o**2 - 2921*o + 56. What is t(-37)?
-18
Let p(m) = 41*m + 344. Calculate p(-21).
-517
Let o(z) = -6667*z + 1560069. Give o(234).
-9
Let w(q) = -27078*q + 839423. Give w(31).
5
Let i(q) = -6040*q - 28553. Calculate i(-5).
1647
Let d(x) = 1897*x**2 + 937112*x - 2983. Give d(-494).
-19
Let n(t) = -210*t**2 + 758*t + 208. Give n(4).
-120
Let t(s) = -35970*s - 143791. Calculate t(-4).
89
Let u(l) = 32864*l + 81962822. Calculate u(-2494).
6
Let w(k) = -12*k**2 - 102*k - 71. Calculate w(-10).
-251
Let s(q) = -2053*q**2 - 2049*q - 33. Calculate s(-1).
-37
Let j(m) = 27*m**2 + 127*m - 52. What is j(-5)?
-12
Let c(p) = p**3 + 15*p**2 + 28*p + 127. Give c(-18).
-1349
Let l(k) = 1505469*k + 7527345. Give l(-5).
0
Let y(a) = -a**3 - 2*a**2 + 156*a + 882. Give y(-9).
45
Let h(v) = v**3 + 73*v**2 + 231*v - 87. Determine h(-4).
93
Let w(q) = q**3 - 484*q**2 + 710*q + 122432. Determine w(482).
4
Let i(l) = l**3 - 1752*l**2 + 8789*l - 224. Calculate i(5).
46
Let d(r) = 269*r**2 - 6195*r + 27478. What is d(6)?
-8
Let t(l) = l**3 + 118*l**2 - 658*l + 671. Calculate t(4).
-9
Let f(o) = -5*o**2 + 13727*o - 41172. Determine f(3).
-36
Let i(x) = -1005*x - 20096. Calculate i(-20).
4
Let s(m) = -724490*m - 1448968. Calculate s(-2).
12
Let w(f) = f**3 - 90*f**2 - 46*f - 3891. What is w(91)?
204
Let i(h) = -8385*h**2 - 109077*h - 944. Determine i(-13).
-8
Let x(v) = 4*v**3 + 524*v**2 + 1832*v + 240004. Determine x(-131).
12
Let v(m) = -7369*m - 73687. Calculate v(-10).
3
Let q(h) = 18*h**2 + 779*h + 520. Calculate q(-43).
305
Let n(s) = 222424*s - 9341832. Give n(42).
-24
Let w(k) = 3*k**3 + 78*k**2 + 36*k - 93. What is w(-25)?
882
Let g(y) = -103*y**2 - 321*y + 213. Give g(-4).
-151
Let g(d) = 39046*d + 234235. Calculate g(-6).
-41
Let o(w) = 7*w**3 - 217*w**2 + 115*w - 3585. Determine o(31).
-20
Let t(n) = 4*n**3 + 39*n**2 - 4261*n - 38631. Determine t(-9).
-39
Let o(i) = -13*i**2 - 2431*i + 33147. Determine o(13).
-653
Let r(k) = k**3 + 23*k**2 + 395*k + 8956. Determine r(-22).
750
Let r(u) = -3*u**3 + 12*u**2 + 202*u + 6. Calculate r(-7).
209
Let a(r) = -r**3 - 269*r**2 + 3007*r + 296695. What is a(-276)?
-5
Let a(y) = 435*y**2 + 3054*y + 23. What is a(-7)?
-40
Let t(j) = 1527688*j - 12221508. What is t(8)?
-4
Let w(o) = -135*o**2 - 1407*o - 10. Calculate w(-10).
560
Let k(f) = -f**2 + 9520*f + 133465. What is k(-14)?
-11
Let u(d) = -d**3 + 14*d**2 - 5767*d + 92775. Determine u(16).
-9
Let v(g) = -g**3 + 12587*g**2 - 138337*g + 15. Give v(11).
4
Let z(g) = 2*g**3 - 43*g**2 - 1591*g - 10. Give z(41).
318
Let d(q) = q**2 - 436*q - 16558. Calculate d(-35).
-73
Let b(m) = 7*m**2 - 54*m + 99. Calculate b(2).
19
Let m(q) = 1128*q - 7513. Give m(6).
-745
Let m(y) = 13*y**3 - 2185*y**2 + 84*y + 14172. What is m(168)?
60
Let w(h) = h**3 - 72*h**2 + 808*h + 216. Give w(58).
-16
Let b(p) = 628*p + 89615. Calculate b(-143).
-189
Let h(u) = -2*u**2 - 2315*u + 13. What is h(0)?
13
Let s(j) = -21*j**2 - 591*j - 93. What is s(-27)?
555
Let m(a) = -1206*a - 6671. Determine m(-6).
565
Let d(r) = -2664*r - 764568. Calculate d(-287).
0
Let v(w) = -w**3 + 2544*w**2 + 10164*w + 2. Determine v(-4).
114
Let q(v) = -1862047*v - 11172315. Calculate q(-6).
-33
Let t(c) = -257*c + 6763. Determine t(27).
-176
Let v(l) = -l**2 + 81*l - 3094. Give v(52).
-1586
Let s(p) = -23*p**3 + 100*p**2 - 77*p - 23. What is s(1)?
-23
Let q(r) = -6901*r - 32111. Determine q(-5).
2394
Let b(k) = 5*k**2 + 401*k - 5928. Give b(-93).
24
Let f(r) = -203*r**2 - 1529*r + 5. Determine f(-8).
-755
Let b(f) = -f**2 + 106*f - 3630. What is b(56)?
-830
Let o(w) = -w**3 - 58*w**2 + 22*w + 1305. Determine o(-58).
29
Let g(r) = -2667*r - 1344172. Determine g(-504).
-4
Let b(k) = 2*k**3 - 27*k**2 - 29*k - 27. Calculate b(14).
-237
Let d(r) = -67*r**2 - 36*r + 4. Give d(1).
-99
Let l(o) = 19*o**2 + 531*o + 3235. What is l(-9)?
-5
Let x(r) = -946*r + 4822. What is x(5)?
92
Let g(s) = 3*s**3 + 28*s**2 + 80*s - 285. What is g(-6)?
-405
Let m(t) = -4*t**3 - 141*t**2 - 198*t - 1001. Determine m(-34).
-49
Let r(a) = 18*a**2 - 7344*a + 14. Calculate r(408).
14
Let x(g) = g**3 - 50*g**2 - 23*g - 1376. Give x(51).
52
Let p(i) = 1071*i + 269896. Calculate p(-252).
4
Let t(v) = -3*v**2 - 3800*v + 34378. What is t(9)?
-65
Let h(d) = 110*d - 1146. What is h(15)?
504
Let c(q) = -5*q**2 + 44*q + 240. What is c(-9)?
-561
Let l(g) = -g**3 + 93*g**2 + 396*g - 36833. Calculate l(93).
-5
Let q(y) = 1252*y - 421923. What is q(337)?
1
Let x(v) = 2*v**2 - 78*v + 952. Give x(18).
196
Let b(j) = 7499*j - 29926. Give b(4).
70
Let s(o) = -58085*o + 464676. Give s(8).
-4
Let d(b) = -b**3 + 275*b**2 - 1404*b + 14591. Calculate d(270).
11
Let o(l) = 986*l - 18712. Calculate o(19).
22
Let m(k) = 9983*k + 3444127. What is m(-345)?
-8
Let a(w) = 10242*w + 30765. Give a(-3).
39
Let u(z) = 10510*z - 84588. Give u(8).
-508
Let j(n) = 40*n**2 - 2862*n + 45649. Give j(24).
1
Let b(f) = -3*f**2 - 1108*f - 46482. Calculate b(-321).
63
Let n(b) = 627*b + 1396. Determine n(-2).
142
Let y(s) = -s**2 + 288*s + 50100. What is y(-122)?
80
Let h(t) = 22*t**2 - 2674*t + 18382. What is h(7)?
742
Let i(h) = 438*h + 5576. What is i(-13)?
-118
Let s(t) = t**3 - 99*t**2 - 157*t + 5664. What is s(100)?
-36
Let k(o) = 88529*o - 885284. Give k(10).
6
Let p(b) = 2*b**3 + 90*b**2 - 81*b - 259. Give p(-46).
-765
Let y(z) = -28771*z - 1755035. Determine y(-61).
-4
Let a(u) = 10*u - 78. What is a(49)?
412
Let z(d) = -2*d**3 - 481*d + 481. What is z(1)?
-2
Let y(x) = -x**3 - 29*x**2 + 604*x + 2. Calculate y(14).
30
Let b(z) = z**3 - 204*z**2 + 1142*z + 9118. What is b(198)?
10
Let y(u) = 31*u**2 + 2110*u + 359. Calculate y(-68).
223
Let z(b) = -b**3 - b**2 + 981*b - 2916. Give z(3).
-9
Let d(p) = -3922*p + 1936. What is d(1)?
-1986
Let f(u) = -u**3 + 17*u**2 + 238*u + 70. Calculate f(26).
174
Let b(w) = 159*w**3 + 10654*w**2 + 62*w - 303. What is b(-67)?
32
Let h(x) = 2*x**2 + 88*x - 1129. Give h(15).
641
Let j(c) = 4*c**3 + 22*c**2 - 4*c - 132. Give j(-8).
-740
Let y(b) = -b**2 - 92*b - 767. Determine y(-82).
53
Let t(p) = 26*p**2 + 7878*p + 68774. Determine t(-294).
-22
Let f(a) = 2*a**3 + 40*a**2 - a - 384. What is f(0)?
-384
Let v(w) = 2*w**3 - 431*w**2 + 10656*w + 564. What is v(187)?
3
Let h(o) = -o**2 - 17804*o - 195729. What is h(-11)?
-6
Let g(c) = c**3 + 12*c**2 - 214*c - 3112. What is g(-14)?
-508
Let s(b) = 2*b**3 - 85*b**2 - 2664*b + 103. What is s(-21)?
40
Let l(p) = -5*p**2 - 1161*p - 21447. Determine l(-212).
-35
Let l(q) = -q**2 + 53*q + 7122. Determine l(115).
-8
Let l(n) = 173*n - 12203. Determine l(72).
253
Let a(p) = 8369*p + 24983. Determine a(-3).
-124
Let h(c) = -21443*c + 192829. Calculate h(9).
-158
Let d(a) = a**3 - 73*a**2 - 1751*a + 54452. What is d(86)?
14
Let l(u) = -6*u**2 - 364*u - 397. Determine l(-60).
-157
Let i(w) = 6*w**3 + 442*w**2 + 3035*w - 123. Determine i(-66).
-57
Let t(r) = -7*r**2 + 172*r - 2741. Calculate t(17).
-1840
Let n(v) = 114*v**2 - 7863*v - 48. What is n(69)?
159
Let q(m) = -m**3 - 106*m**2 - 1358*m - 67. Calculate q(-15).
-172
Let n(j) = -169*j + 12527. Give n(74).
21
Let o(c) = c**2 - 20*c - 37593. What is o(-185)?
332
Let w(v) = -1403*v + 27807. Give w(20).
-253
Let v(k) = 5*k**2 - 5938*k - 129360. What is v(1209)?
3
Let b(q) = 438*q - 15766. What is b(36)?
2
Let l(d) = -702*d + 146724. Determine l(209).
6
Let b(p) = p**3 - 12*p**2 - 39*p + 334. Determine b(9).
-260
Let c(a) = -27*a**2 - 243*a - 1625. What is c(-7)?
-1247
Let n(j) = -357*j + 4674. What is n(13)?
33
Let r(w) = -168*w**3 - 2*w**2 - 42*w - 74. Give r(-2).
1346
Let a(l) = 874230*l - 3496925. Calculate a(4).
-5
Let x(y) =